2515.
353
What is the highest common divisor of 6134540 and 1940?
20
What is the highest common divisor of 26 and 1688713?
13
Calculate the highest common factor of 94417 and 2819586.
359
Calculate the greatest common divisor of 11016 and 70797.
3
Calculate the greatest common factor of 112897815 and 120.
15
Calculate the greatest common factor of 242956 and 728.
28
What is the greatest common divisor of 1217764 and 972?
4
What is the greatest common factor of 39708 and 978361?
1103
Calculate the greatest common divisor of 4233888 and 28123013.
14701
What is the greatest common factor of 794656 and 133152?
608
Calculate the greatest common factor of 240 and 1763880.
120
What is the highest common divisor of 85 and 786635?
5
Calculate the highest common divisor of 480 and 4044750.
30
What is the greatest common factor of 570718 and 766322?
1238
What is the highest common divisor of 780 and 424073?
13
What is the highest common factor of 255 and 566246795?
85
What is the greatest common factor of 3654 and 94958?
2
Calculate the greatest common factor of 27502712 and 390344.
6616
Calculate the greatest common divisor of 135 and 17328465.
135
What is the greatest common factor of 28787 and 1375?
11
What is the greatest common divisor of 133743500 and 880?
220
Calculate the greatest common factor of 5551 and 96187.
91
Calculate the greatest common factor of 282716 and 150213.
161
What is the highest common divisor of 212 and 4304342?
106
Calculate the highest common divisor of 63 and 188204895.
9
What is the greatest common divisor of 269653 and 85097?
43
What is the highest common factor of 9 and 816184962?
9
What is the highest common divisor of 4581603 and 304?
19
What is the highest common divisor of 11538 and 14054566?
1282
What is the greatest common divisor of 648487 and 21?
7
Calculate the greatest common divisor of 1504 and 271942.
94
Calculate the greatest common factor of 151358305 and 3626.
1813
What is the greatest common factor of 4452 and 6821948?
1484
Calculate the highest common divisor of 13937889 and 231.
21
What is the greatest common factor of 29977132 and 401114?
8186
What is the highest common divisor of 40557080 and 15080?
1160
What is the greatest common factor of 4964 and 2502944?
68
Calculate the greatest common divisor of 778543441 and 65.
13
Calculate the highest common divisor of 4606336 and 16324.
1484
Calculate the highest common divisor of 234400608 and 492.
492
Calculate the greatest common divisor of 561752 and 45057736.
13064
What is the greatest common factor of 9099 and 44256?
3
Calculate the greatest common factor of 2842284 and 7375162.
4346
Calculate the highest common factor of 16545282 and 156.
78
What is the highest common divisor of 336 and 1199422?
14
Calculate the greatest common factor of 192001750 and 1775.
1775
What is the highest common divisor of 5687 and 36895?
47
What is the highest common factor of 33495900 and 75?
75
What is the greatest common factor of 2853 and 56488449?
951
What is the greatest common factor of 7 and 48423851?
7
What is the greatest common factor of 300 and 942348?
12
What is the greatest common divisor of 110241 and 15147?
81
Calculate the greatest common divisor of 18170 and 2880083.
23
What is the highest common divisor of 705500 and 276250?
4250
Calculate the highest common divisor of 44 and 551256332.
44
Calculate the greatest common factor of 3939192 and 48.
24
Calculate the greatest common factor of 621364 and 11036.
124
Calculate the greatest common factor of 545 and 52145055.
545
Calculate the greatest common factor of 4575488958 and 31.
31
What is the greatest common factor of 845660 and 340?
20
Calculate the highest common divisor of 45 and 24071049.
9
What is the highest common divisor of 4012697 and 92259?
1139
Calculate the highest common factor of 4329152 and 290467.
3979
What is the greatest common divisor of 1945080 and 270?
270
What is the highest common factor of 100 and 4660660?
20
What is the greatest common factor of 1283200 and 1000?
200
Calculate the highest common factor of 147839429 and 119.
17
Calculate the greatest common factor of 29505 and 66780.
105
Calculate the highest common divisor of 546365 and 11799.
23
What is the greatest common divisor of 3325 and 3894625?
175
What is the greatest common divisor of 117110 and 5626180?
490
Calculate the highest common factor of 1857448 and 128296.
632
Calculate the greatest common divisor of 120007241 and 321.
107
Calculate the highest common divisor of 251685 and 5002445.
1645
Calculate the highest common divisor of 72 and 1501995672.
72
Calculate the greatest common divisor of 922 and 1736587.
461
What is the greatest common factor of 250 and 39776350?
50
What is the highest common divisor of 9336879 and 423?
423
What is the highest common factor of 664 and 79384?
8
What is the highest common factor of 2555 and 17922303?
511
What is the greatest common divisor of 244 and 6516?
4
What is the highest common divisor of 31972 and 544?
4
Calculate the greatest common factor of 34022963 and 5933.
349
Calculate the greatest common factor of 111601987 and 383.
383
What is the greatest common divisor of 18 and 5373855?
9
What is the highest common factor of 1353 and 274230?
33
What is the highest common factor of 1012742 and 28718?
346
What is the highest common factor of 245572 and 667?
29
Calculate the highest common factor of 314 and 39186101.
157
What is the highest common divisor of 531773 and 2552?
319
What is the highest common factor of 2826 and 99140319?
1413
Calculate the highest common factor of 264035942 and 68.
34
Calculate the greatest common factor of 3943352 and 280.
56
What is the highest common factor of 660 and 11331210?
330
Calculate the greatest common divisor of 1432460 and 4288.
268
Calculate the greatest common factor of 6549 and 138237.
177
Calculate the greatest common divisor of 12963 and 8027673.
447
What is the highest common factor of 66 and 48422506?
22
Calculate the greatest common divisor of 56771735 and 1095.
365
Calculate the highest common factor of 1577921428 and 1388.
1388
What is the highest common factor of 2249982 and 10731?
147
What is the greatest common factor of 2523 and 459969?
87
Calculate the highest common factor of 781329744 and 1248.
624
What is the greatest common divisor of 11753 and 99015?
161
What is the greatest common factor of 20 and 545299480?
20
What is the greatest common divisor of 4316800 and 5586?
38
What is the highest common factor of 9433566 and 36?
18
Calculate the greatest common factor of 8 and 181030960.
8
What is the highest common factor of 96 and 87231?
3
What is the greatest common divisor of 2961 and 6341475?
987
Calculate the highest common divisor of 483 and 8419173.
483
What is the greatest common divisor of 2540242 and 646?
34
What is the highest common factor of 4039880 and 136?
136
What is the greatest common factor of 464880 and 14603043?
5811
Calculate the greatest common divisor of 11359719 and 18.
9
Calculate the greatest common divisor of 106565200 and 1372.
196
Calculate the highest common divisor of 98178064 and 48.
16
Calculate the highest common factor of 3752 and 5137496.
56
Calculate the greatest common factor of 1872697 and 57.
19
Calculate the highest common divisor of 266 and 14700889.
133
What is the greatest common factor of 1413484 and 86524?
388
What is the greatest common factor of 587958 and 162?
6
Calculate the highest common factor of 238 and 929684.
14
What is the highest common factor of 13253190 and 6140?
3070
What is the highest common divisor of 3106368 and 30528?
576
Calculate the highest common factor of 14536 and 204976.
184
What is the highest common divisor of 108315 and 88229?
83
Calculate the highest common factor of 751 and 215907243.
751
What is the greatest common factor of 3376893357 and 159?
159
Calculate the greatest common factor of 62726 and 794.
794
Calculate the greatest common factor of 1018738 and 140.
14
Calculate the highest common factor of 1118 and 337464.
86
Calculate the highest common divisor of 117314054 and 3718.
3718
What is the greatest common factor of 320 and 361980?
20
What is the highest common divisor of 15 and 18211915?
5
Calculate the highest common divisor of 